*h - 480. What is the remainder when h is divided by 69?
66
Suppose -2*q = -q + 1. Suppose 0 = -s + 2*f + 59, s + 2*f = 61 + 14. Calculate the remainder when s is divided by 11 + 10 - 2*q.
21
Let f be (-1)/((-1)/5*-1). Let z = f - -12. Let y(b) = -4*b + 21. Calculate the remainder when y(2) is divided by z.
6
Let k(y) = y**3 - 32*y**2 + 65*y - 121. Calculate the remainder when 129 is divided by k(30).
13
Let t(d) = d**2 - 4*d + 7. Let m be t(3). Suppose 0 = 5*g - 2*v - 10, 0 = -3*g - m*v + v + 27. Calculate the remainder when 22 is divided by g.
2
Let z = -1122 + 1197. What is the remainder when 132 is divided by z?
57
Suppose 4*o + 296 = -0*o. Let q be (-364)/65*10/4. Let a = q - o. What is the remainder when a is divided by 21?
18
Suppose -4*k = -169 + 49. What is the remainder when (3*(-156)/10)/((80/50)/(-4)) is divided by k?
27
Let b(k) = k + 122. Calculate the remainder when 238 is divided by b(-7).
8
Let i be -462 + (6 + -4)*-1. Calculate the remainder when 49 is divided by -3 + (-24)/(-7) + i/(-28).
15
What is the remainder when (-108)/(-18)*(-7)/(-3) is divided by (-2)/(-2) - (-10 + 3)?
6
Let s(b) = b**3 + 7*b**2 + 3*b - 7. Let n(t) = t**3 - 15*t**2 - 15*t + 3. Let h be (2 - -18) + 8/(-2). What is the remainder when n(h) is divided by s(-6)?
8
Suppose 3*a = -0*a + 135. What is the remainder when a is divided by -14 - -25 - (-2)/4*2?
9
Suppose 5*m - 62 = 2*u + 4*m, 5*m - 118 = 4*u. Let q = 49 + u. Calculate the remainder when q is divided by 6.
5
Suppose 4*l + 3 = 7*l. Suppose 0 = h - 4 - 3. Suppose -h*x + 10 = -2*x. What is the remainder when x is divided by l?
0
Let d = -92 + 214. What is the remainder when d is divided by 21?
17
Let t = 43 + 5. What is the remainder when 238 is divided by t?
46
Let h = 645 - 586. What is the remainder when h is divided by 18?
5
Let a = 6 - 12. Let j be (-9)/a*(-10)/(-3). Suppose -4*q + 4*n + 142 = n, j*n + 101 = 3*q. What is the remainder when q is divided by 20?
17
What is the remainder when (-4)/22 + (-424700)/(-550) is divided by 129?
127
Calculate the remainder when 299 is divided by (6 + -36)/(((-54)/(-30))/(-3)).
49
Let u = 1741 - 747. What is the remainder when u is divided by 6?
4
Let o = 15 - 21. Let p be (12 - o)/(3/(-2)). Let m = 37 + p. Calculate the remainder when 49 is divided by m.
24
Suppose -46 - 10 = -2*i + s, 0 = 5*i + 2*s - 140. What is the remainder when i is divided by 14?
0
Suppose -4*y = -3*y - 19. Let q(r) = 0*r**2 - r**2 + 5*r**3 - 9*r**3 + 7 + 3*r**3. What is the remainder when y is divided by q(0)?
5
Suppose -3*r + 0 + 6 = 0. Suppose v - 24 = 4*h, v + 7*h - r*h = -3. Suppose 6 = -72*q + 2382. What is the remainder when q is divided by v?
9
Suppose -3*g = -g - 60. Let w be (4 - (3 + 4))/(-1). Suppose -38 = -w*x - 5. Calculate the remainder when g is divided by x.
8
Suppose -o + 5*q - q + 11 = 0, -4*o + 2*q = -30. Suppose -3*w + 62 - 2 = 0. What is the remainder when (w/(-3))/((-3)/9) is divided by o?
6
Suppose 56 = 2*d + r, 8 = -r + 6. Calculate the remainder when 575 is divided by d.
24
Let q = 936 - 863. Calculate the remainder when 153 is divided by q.
7
Let s(y) = 36*y - 20. What is the remainder when 542 is divided by s(1)?
14
Let r(b) = -2*b**3 - 13*b**2 + 17*b + 48. Calculate the remainder when r(-8) is divided by 29.
17
Let t be (-23)/((2 - 3)/4). Suppose 4*g - t = -0*g. What is the remainder when g is divided by 13?
10
Suppose 0 = 5*h, 0 = -m - 5*h + 66 - 17. Let r be (-11)/(-7) - (-21)/m. Suppose 0 = -0*t + r*t - 8. Calculate the remainder when 7 is divided by t.
3
Suppose 57*d - 59*d - 12 = 0. Let g(x) be the third derivative of -x**4/24 + x**3/6 - 2*x**2. What is the remainder when 26 is divided by g(d)?
5
What is the remainder when 209/(60/10 + -5) is divided by 14?
13
Suppose 0 = 18*w - 17*w + 20. What is the remainder when 49 is divided by (3/(-2))/(3/w)?
9
Suppose 0*x = -x. Suppose 20 + x = 5*p. Suppose -60 = -4*w - 0*s + p*s, -3*s = -w + 11. What is the remainder when w is divided by 4?
1
Suppose 3*y = 16*y - 325. What is the remainder when 87 is divided by y?
12
Let l(n) = -n**3 + 2*n**2 + 11*n - 9. Let a be l(4). Suppose -2*v + 3*v + 80 = 2*w, a*v = -2*w + 96. What is the remainder when 123 is divided by w?
39
Let r(q) = 131*q**2 - 8*q + 20. What is the remainder when r(3) is divided by 38?
35
Suppose 0 = 13*l - 16*l. Suppose 3*k + 126 = 3*a - l*a, -5*k = 15. Calculate the remainder when a is divided by 10.
9
Suppose -532 = 2*u - 598. Calculate the remainder when 2606 is divided by u.
32
Let m be (-30)/(-165) + ((-867)/(-11) - -1). Let j = m + -69. Calculate the remainder when 42 is divided by j.
9
Suppose 2*x - t = 8, 0*x + 4*t = -x + 22. Calculate the remainder when x is divided by 4.
2
Suppose -50*g = -47*g - t - 52, -38 = -2*g + 4*t. What is the remainder when g is divided by 4?
1
Let w(d) = -d**2 - 6*d - 7. Let t be w(-8). Let p = t - -25. Calculate the remainder when 2 is divided by p.
0
Suppose 4*n - 2*n - 152 = 0. Calculate the remainder when n is divided by 10.
6
Let k = 777 + -639. What is the remainder when k is divided by 70?
68
Let w(v) = -v**3 - 12*v**2 - v - 12. Let z be w(-12). Let o(j) = -j**2 + 2*j + 12. Let i(q) = -9*q - 9. What is the remainder when i(-6) is divided by o(z)?
9
Suppose -r = 2*r - 150. Suppose 21*m + 408 = 3495. What is the remainder when m is divided by r?
47
Let f = 22 + -16. What is the remainder when 3 is divided by f/(-9) + (-99)/(-27)?
0
Let l(a) be the first derivative of 7*a**3/3 + 7*a**2/2 - 3. Let j be l(3). Suppose -6*z + 7*z = j. What is the remainder when z is divided by 29?
26
Suppose 2*c = -3*z - 0*c + 252, c = 3*z - 261. Let h(o) = o**2 + 4*o + 8. Calculate the remainder when z is divided by h(-7).
28
Let s = -222 + 610. Calculate the remainder when (44/(-16) - -3)*s is divided by 25.
22
Suppose z = 16 + 11. Calculate the remainder when 161 is divided by z.
26
Let f(k) = 2*k**2 - 24*k - 4. Let v(c) = c + 5. Let m(d) = d**3 - 5*d**2 + 5*d + 3. Let g be m(4). What is the remainder when f(13) is divided by v(g)?
10
Suppose -3*g + 59 = 2*n + 67, 4*n - 4*g = 24. What is the remainder when 4 is divided by n?
0
Suppose 119*s = 103*s + 2912. What is the remainder when s is divided by 64?
54
Let f(y) = y**2 + 9*y + 5. Suppose j - 2*r + 13 = 0, -j = r + 3 + 4. Calculate the remainder when 17 is divided by f(j).
2
Let l be (0 - (-4)/10)*-5. Let d(v) = -15 + 15 - v**3. Calculate the remainder when d(l) is divided by 5.
3
Let z = -37 - -52. Suppose z = -i - 4*i, q = 3*i + 71. Calculate the remainder when q is divided by 21.
20
Suppose 4*x + 2*n - 5*n = 111, -4*n = -2*x + 48. Suppose x*g = 31*g - 29. What is the remainder when g is divided by 10?
9
Suppose -p - 3*p + 24 = 0. Suppose 2*n + 600 = 4*b, 3*n - 5*b = -2*b - 906. What is the remainder when -11*(4/14 - n/(-133)) is divided by p?
4
Let q be 31/3 + (-2)/(-3). Let d = 15 - q. Suppose -j = -5*j - 2*m + 108, 0 = 3*j + d*m - 81. Calculate the remainder when 51 is divided by j.
24
Suppose 19*c = 5*c + 448. Calculate the remainder when 155 is divided by c.
27
Let y = 882 + 105. What is the remainder when y is divided by 62?
57
Suppose -4*z = -2*v - 162, 8*z + 2*v = 3*z + 198. What is the remainder when z is divided by 6?
4
Let c = 1698 - 1482. Calculate the remainder when c is divided by 55.
51
Suppose 2*u + 3*u + 5*b = -35, b = -3*u - 21. Let k = -2 - u. Suppose -3*o = -k*o + 22. Calculate the remainder when 29 is divided by o.
7
Let j be -6*(-1)/15*-5. What is the remainder when (21/(-6) + j)*54/(-3) is divided by 17?
14
Suppose 5*l = 4*h + 177, 0*l + 4*h - 119 = -3*l. Calculate the remainder when 144 is divided by l.
33
Let a(m) = -10*m + 3. Suppose 0*k = -5*k - u - 9, 2*k = 3*u - 7. Let n be a(k). Calculate the remainder when 49 is divided by n + 0 + (3 - 0).
23
Let m = 2064 + -1986. Calculate the remainder when 148 is divided by m.
70
Suppose 5*r + 90 = 5*s, 4*s - 2*r - 3*r - 70 = 0. Let t = -15 + s. Suppose 40 = -3*b + t*b. What is the remainder when 75 is divided by b?
15
Let j = 56 + -30. Suppose 5*o + j = 2*n, 3*n = 7*n - o - 88. What is the remainder when 114 is divided by n?
22
Let l be (22 + -18)*2/(-8). What is the remainder when 36 is divided by ((-2)/12*2)/(l/15)?
1
Let o(w) = w**2 - 30*w + 203. Suppose 16 = -5*v + 46. Calculate the remainder when